{"id":3055,"date":"2025-10-22T21:42:38","date_gmt":"2025-10-22T19:42:38","guid":{"rendered":"https:\/\/agribiotunisie.com\/?post_type=product&#038;p=3055"},"modified":"2025-11-07T12:38:54","modified_gmt":"2025-11-07T11:38:54","slug":"nutribio-4-3-6-npk-biologique-100-assimilable","status":"publish","type":"product","link":"https:\/\/agribiotunisie.com\/index.php\/produit\/nutribio-4-3-6-npk-biologique-100-assimilable\/","title":{"rendered":"NUTRIBIO 4.3.6  NPK biologique 100 % assimilable <br>\u0628\u064a\u0648\u0644\u0648\u062c\u064a NPK"},"content":{"rendered":"<p>COMPOSITION<\/p>\n<p>40 g\/l d\u2019azote organique (N), soit 3% sur brut<br \/>\n30 g\/l d\u2019anhydride phosphorique (P2O5), soit 2% sur brut<br \/>\n60 g\/l d\u2019oxyde de potassium (K2O), soit 5% sur brut 0<br \/>\n28,5 % Acides humiques et fulviques<\/p>\n<table class=\"table table-bordered\">\n<thead>\n<tr>\n<th class=\"cart-unit item\">Cultures<\/th>\n<th class=\"cart-unit item\">Doses<\/th>\n<th class=\"cart-unit item\">Dose (L\/ha ou l\/hl)<\/th>\n<\/tr>\n<\/thead>\n<tfoot><\/tfoot>\n<tbody>\n<tr>\n<td class=\"cc-tr-inner\">\n<div class=\"cc-tr-inner\">\n<p>Arboriculture,<br \/>\nmara\u00eechage (premiers stades physiologiques)<br \/>\n\u0627\u0634\u062c\u0627\u0631 \u0648 \u062e\u0636\u0631\u0648\u0627\u062a<\/p>\n<\/div>\n<\/td>\n<td class=\"cart-product-name-info\">\n<div class=\"cc-tr-inner\">3-4L\/ha, avec 2-3 applications \u00e0 5% max<\/div>\n<\/td>\n<td class=\"cc-tr-inner\">\n<div class=\"cc-tr-inner\">\n<p>5-10L\/ha selon besoins<br \/>\navec 2-3 applications \u00e0 8-10 jours d\u2019intervalle concentration 2%<\/p>\n<\/div>\n<\/td>\n<\/tr>\n<\/tbody>\n<\/table>\n","protected":false},"excerpt":{"rendered":"<h1 class=\"product_title entry-title\">NUTRIBIO 4.3.6<\/h1>\n<div class=\"woocommerce-product-details__short-description\">\n<p><strong>NUTRIBIO 4.3.6<\/strong> est un\u00a0 NPK, sous forme d\u2019acides amin\u00e9s et extraits v\u00e9g\u00e9taux 100% assimilables.<br \/>\n1. Relance nutritionnelle des cultures en situation de d\u00e9ficience.<br \/>\n2. Stimulation de la croissance des plantes : effet OSYR (protection des auxines).<br \/>\n3. Am\u00e9lioration des productions et de la qualit\u00e9 des cultures, mise en r\u00e9serve, p\u00e9rennit\u00e9 des r\u00e9coltes.<br \/>\n4. Activation de la rhizosph\u00e8re (activit\u00e9 racinaire et bbiologique).<br \/>\n5. Am\u00e9lioration de la r\u00e9sistance des plantes en situation de stress (action antioxydante).<\/p>\n<\/div>\n","protected":false},"featured_media":3056,"comment_status":"open","ping_status":"closed","template":"","meta":[],"product_brand":[316],"product_cat":[107],"product_tag":[],"class_list":{"0":"post-3055","1":"product","2":"type-product","3":"status-publish","4":"has-post-thumbnail","6":"product_brand-frayssinet","7":"product_cat-agribio-engrais-biologique-et-biopesticide-tunisie","9":"first","10":"instock","11":"taxable","12":"shipping-taxable","13":"purchasable","14":"product-type-simple"},"yoast_head":"<!-- This site is optimized with the Yoast SEO plugin v27.0 - https:\/\/yoast.com\/product\/yoast-seo-wordpress\/ -->\n<title>NUTRIBIO 4.3.6 NPK biologique 100 % assimilable \u0628\u064a\u0648\u0644\u0648\u062c\u064a NPK - https:\/\/agribiotunisie.com\/<\/title>\n<meta name=\"description\" content=\"NUTRIBIO 4.3.6 est un engrais NPK biologique 100 % assimilable, favorisant une croissance rapide, une meilleure nutrition et une production durable.\" \/>\n<meta name=\"robots\" content=\"index, follow, max-snippet:-1, max-image-preview:large, max-video-preview:-1\" \/>\n<link rel=\"canonical\" href=\"https:\/\/agribiotunisie.com\/index.php\/produit\/nutribio-4-3-6-npk-biologique-100-assimilable\/\" \/>\n<meta property=\"og:locale\" content=\"fr_FR\" \/>\n<meta property=\"og:type\" content=\"article\" \/>\n<meta property=\"og:title\" content=\"NUTRIBIO 4.3.6 NPK biologique 100 % assimilable \u0628\u064a\u0648\u0644\u0648\u062c\u064a NPK - https:\/\/agribiotunisie.com\/\" \/>\n<meta property=\"og:description\" content=\"NUTRIBIO 4.3.6 est un engrais NPK biologique 100 % assimilable, favorisant une croissance rapide, une meilleure nutrition et une production durable.\" \/>\n<meta property=\"og:url\" content=\"https:\/\/agribiotunisie.com\/index.php\/produit\/nutribio-4-3-6-npk-biologique-100-assimilable\/\" \/>\n<meta property=\"og:site_name\" content=\"https:\/\/agribiotunisie.com\/\" \/>\n<meta property=\"article:modified_time\" content=\"2025-11-07T11:38:54+00:00\" \/>\n<meta property=\"og:image\" content=\"https:\/\/agribiotunisie.com\/wp-content\/uploads\/2025\/10\/angrais-NPK-biologique-tuniie-01.jpg\" \/>\n\t<meta property=\"og:image:width\" content=\"850\" \/>\n\t<meta property=\"og:image:height\" content=\"850\" \/>\n\t<meta property=\"og:image:type\" content=\"image\/jpeg\" \/>\n<meta name=\"twitter:card\" content=\"summary_large_image\" \/>\n<meta name=\"twitter:label1\" content=\"Dur\u00e9e de lecture estim\u00e9e\" \/>\n\t<meta name=\"twitter:data1\" content=\"1 minute\" \/>\n<script type=\"application\/ld+json\" class=\"yoast-schema-graph\">{\"@context\":\"https:\/\/schema.org\",\"@graph\":[{\"@type\":\"WebPage\",\"@id\":\"https:\/\/agribiotunisie.com\/index.php\/produit\/nutribio-4-3-6-npk-biologique-100-assimilable\/\",\"url\":\"https:\/\/agribiotunisie.com\/index.php\/produit\/nutribio-4-3-6-npk-biologique-100-assimilable\/\",\"name\":\"NUTRIBIO 4.3.6 NPK biologique 100 % assimilable \u0628\u064a\u0648\u0644\u0648\u062c\u064a NPK - https:\/\/agribiotunisie.com\/\",\"isPartOf\":{\"@id\":\"https:\/\/agribiotunisie.com\/#website\"},\"primaryImageOfPage\":{\"@id\":\"https:\/\/agribiotunisie.com\/index.php\/produit\/nutribio-4-3-6-npk-biologique-100-assimilable\/#primaryimage\"},\"image\":{\"@id\":\"https:\/\/agribiotunisie.com\/index.php\/produit\/nutribio-4-3-6-npk-biologique-100-assimilable\/#primaryimage\"},\"thumbnailUrl\":\"https:\/\/agribiotunisie.com\/wp-content\/uploads\/2025\/10\/angrais-NPK-biologique-tuniie-01.jpg\",\"datePublished\":\"2025-10-22T19:42:38+00:00\",\"dateModified\":\"2025-11-07T11:38:54+00:00\",\"description\":\"NUTRIBIO 4.3.6 est un engrais NPK biologique 100 % assimilable, favorisant une croissance rapide, une meilleure nutrition et une production durable.\",\"breadcrumb\":{\"@id\":\"https:\/\/agribiotunisie.com\/index.php\/produit\/nutribio-4-3-6-npk-biologique-100-assimilable\/#breadcrumb\"},\"inLanguage\":\"fr-FR\",\"potentialAction\":[{\"@type\":\"ReadAction\",\"target\":[\"https:\/\/agribiotunisie.com\/index.php\/produit\/nutribio-4-3-6-npk-biologique-100-assimilable\/\"]}]},{\"@type\":\"ImageObject\",\"inLanguage\":\"fr-FR\",\"@id\":\"https:\/\/agribiotunisie.com\/index.php\/produit\/nutribio-4-3-6-npk-biologique-100-assimilable\/#primaryimage\",\"url\":\"https:\/\/agribiotunisie.com\/wp-content\/uploads\/2025\/10\/angrais-NPK-biologique-tuniie-01.jpg\",\"contentUrl\":\"https:\/\/agribiotunisie.com\/wp-content\/uploads\/2025\/10\/angrais-NPK-biologique-tuniie-01.jpg\",\"width\":850,\"height\":850},{\"@type\":\"BreadcrumbList\",\"@id\":\"https:\/\/agribiotunisie.com\/index.php\/produit\/nutribio-4-3-6-npk-biologique-100-assimilable\/#breadcrumb\",\"itemListElement\":[{\"@type\":\"ListItem\",\"position\":1,\"name\":\"Accueil\",\"item\":\"https:\/\/agribiotunisie.com\/\"},{\"@type\":\"ListItem\",\"position\":2,\"name\":\"Shop\",\"item\":\"https:\/\/agribiotunisie.com\/index.php\/shop-ecommerce-v1\/\"},{\"@type\":\"ListItem\",\"position\":3,\"name\":\"NUTRIBIO 4.3.6 NPK biologique 100 % assimilable \u0628\u064a\u0648\u0644\u0648\u062c\u064a NPK\"}]},{\"@type\":\"WebSite\",\"@id\":\"https:\/\/agribiotunisie.com\/#website\",\"url\":\"https:\/\/agribiotunisie.com\/\",\"name\":\"https:\/\/agribiotunisie.com\/\",\"description\":\"\",\"potentialAction\":[{\"@type\":\"SearchAction\",\"target\":{\"@type\":\"EntryPoint\",\"urlTemplate\":\"https:\/\/agribiotunisie.com\/?s={search_term_string}\"},\"query-input\":{\"@type\":\"PropertyValueSpecification\",\"valueRequired\":true,\"valueName\":\"search_term_string\"}}],\"inLanguage\":\"fr-FR\"}]}<\/script>\n<!-- \/ Yoast SEO plugin. -->","yoast_head_json":{"title":"NUTRIBIO 4.3.6 NPK biologique 100 % assimilable \u0628\u064a\u0648\u0644\u0648\u062c\u064a NPK - https:\/\/agribiotunisie.com\/","description":"NUTRIBIO 4.3.6 est un engrais NPK biologique 100 % assimilable, favorisant une croissance rapide, une meilleure nutrition et une production durable.","robots":{"index":"index","follow":"follow","max-snippet":"max-snippet:-1","max-image-preview":"max-image-preview:large","max-video-preview":"max-video-preview:-1"},"canonical":"https:\/\/agribiotunisie.com\/index.php\/produit\/nutribio-4-3-6-npk-biologique-100-assimilable\/","og_locale":"fr_FR","og_type":"article","og_title":"NUTRIBIO 4.3.6 NPK biologique 100 % assimilable \u0628\u064a\u0648\u0644\u0648\u062c\u064a NPK - https:\/\/agribiotunisie.com\/","og_description":"NUTRIBIO 4.3.6 est un engrais NPK biologique 100 % assimilable, favorisant une croissance rapide, une meilleure nutrition et une production durable.","og_url":"https:\/\/agribiotunisie.com\/index.php\/produit\/nutribio-4-3-6-npk-biologique-100-assimilable\/","og_site_name":"https:\/\/agribiotunisie.com\/","article_modified_time":"2025-11-07T11:38:54+00:00","og_image":[{"width":850,"height":850,"url":"https:\/\/agribiotunisie.com\/wp-content\/uploads\/2025\/10\/angrais-NPK-biologique-tuniie-01.jpg","type":"image\/jpeg"}],"twitter_card":"summary_large_image","twitter_misc":{"Dur\u00e9e de lecture estim\u00e9e":"1 minute"},"schema":{"@context":"https:\/\/schema.org","@graph":[{"@type":"WebPage","@id":"https:\/\/agribiotunisie.com\/index.php\/produit\/nutribio-4-3-6-npk-biologique-100-assimilable\/","url":"https:\/\/agribiotunisie.com\/index.php\/produit\/nutribio-4-3-6-npk-biologique-100-assimilable\/","name":"NUTRIBIO 4.3.6 NPK biologique 100 % assimilable \u0628\u064a\u0648\u0644\u0648\u062c\u064a NPK - https:\/\/agribiotunisie.com\/","isPartOf":{"@id":"https:\/\/agribiotunisie.com\/#website"},"primaryImageOfPage":{"@id":"https:\/\/agribiotunisie.com\/index.php\/produit\/nutribio-4-3-6-npk-biologique-100-assimilable\/#primaryimage"},"image":{"@id":"https:\/\/agribiotunisie.com\/index.php\/produit\/nutribio-4-3-6-npk-biologique-100-assimilable\/#primaryimage"},"thumbnailUrl":"https:\/\/agribiotunisie.com\/wp-content\/uploads\/2025\/10\/angrais-NPK-biologique-tuniie-01.jpg","datePublished":"2025-10-22T19:42:38+00:00","dateModified":"2025-11-07T11:38:54+00:00","description":"NUTRIBIO 4.3.6 est un engrais NPK biologique 100 % assimilable, favorisant une croissance rapide, une meilleure nutrition et une production durable.","breadcrumb":{"@id":"https:\/\/agribiotunisie.com\/index.php\/produit\/nutribio-4-3-6-npk-biologique-100-assimilable\/#breadcrumb"},"inLanguage":"fr-FR","potentialAction":[{"@type":"ReadAction","target":["https:\/\/agribiotunisie.com\/index.php\/produit\/nutribio-4-3-6-npk-biologique-100-assimilable\/"]}]},{"@type":"ImageObject","inLanguage":"fr-FR","@id":"https:\/\/agribiotunisie.com\/index.php\/produit\/nutribio-4-3-6-npk-biologique-100-assimilable\/#primaryimage","url":"https:\/\/agribiotunisie.com\/wp-content\/uploads\/2025\/10\/angrais-NPK-biologique-tuniie-01.jpg","contentUrl":"https:\/\/agribiotunisie.com\/wp-content\/uploads\/2025\/10\/angrais-NPK-biologique-tuniie-01.jpg","width":850,"height":850},{"@type":"BreadcrumbList","@id":"https:\/\/agribiotunisie.com\/index.php\/produit\/nutribio-4-3-6-npk-biologique-100-assimilable\/#breadcrumb","itemListElement":[{"@type":"ListItem","position":1,"name":"Accueil","item":"https:\/\/agribiotunisie.com\/"},{"@type":"ListItem","position":2,"name":"Shop","item":"https:\/\/agribiotunisie.com\/index.php\/shop-ecommerce-v1\/"},{"@type":"ListItem","position":3,"name":"NUTRIBIO 4.3.6 NPK biologique 100 % assimilable \u0628\u064a\u0648\u0644\u0648\u062c\u064a NPK"}]},{"@type":"WebSite","@id":"https:\/\/agribiotunisie.com\/#website","url":"https:\/\/agribiotunisie.com\/","name":"https:\/\/agribiotunisie.com\/","description":"","potentialAction":[{"@type":"SearchAction","target":{"@type":"EntryPoint","urlTemplate":"https:\/\/agribiotunisie.com\/?s={search_term_string}"},"query-input":{"@type":"PropertyValueSpecification","valueRequired":true,"valueName":"search_term_string"}}],"inLanguage":"fr-FR"}]}},"tiered_pricing_type":"fixed","tiered_pricing_fixed_rules":[],"tiered_pricing_product_settings":{"layout":"default","base_unit_name":{"singular":null,"plural":null},"default_variation":null},"tiered_pricing_minimum_quantity":null,"tiered_pricing_roles_data":[],"tiered_pricing_percentage_rules":[],"tiered_pricing_maximum_quantity":null,"tiered_pricing_quantity_step":null,"_links":{"self":[{"href":"https:\/\/agribiotunisie.com\/index.php\/wp-json\/wp\/v2\/product\/3055","targetHints":{"allow":["GET"]}}],"collection":[{"href":"https:\/\/agribiotunisie.com\/index.php\/wp-json\/wp\/v2\/product"}],"about":[{"href":"https:\/\/agribiotunisie.com\/index.php\/wp-json\/wp\/v2\/types\/product"}],"replies":[{"embeddable":true,"href":"https:\/\/agribiotunisie.com\/index.php\/wp-json\/wp\/v2\/comments?post=3055"}],"version-history":[{"count":5,"href":"https:\/\/agribiotunisie.com\/index.php\/wp-json\/wp\/v2\/product\/3055\/revisions"}],"predecessor-version":[{"id":3061,"href":"https:\/\/agribiotunisie.com\/index.php\/wp-json\/wp\/v2\/product\/3055\/revisions\/3061"}],"wp:featuredmedia":[{"embeddable":true,"href":"https:\/\/agribiotunisie.com\/index.php\/wp-json\/wp\/v2\/media\/3056"}],"wp:attachment":[{"href":"https:\/\/agribiotunisie.com\/index.php\/wp-json\/wp\/v2\/media?parent=3055"}],"wp:term":[{"taxonomy":"product_brand","embeddable":true,"href":"https:\/\/agribiotunisie.com\/index.php\/wp-json\/wp\/v2\/product_brand?post=3055"},{"taxonomy":"product_cat","embeddable":true,"href":"https:\/\/agribiotunisie.com\/index.php\/wp-json\/wp\/v2\/product_cat?post=3055"},{"taxonomy":"product_tag","embeddable":true,"href":"https:\/\/agribiotunisie.com\/index.php\/wp-json\/wp\/v2\/product_tag?post=3055"}],"curies":[{"name":"wp","href":"https:\/\/api.w.org\/{rel}","templated":true}]}}